{"id":31,"date":"2016-07-02T15:53:19","date_gmt":"2016-07-02T14:53:19","guid":{"rendered":"http:\/\/mymarketinglab.net\/joellehofmans\/?page_id=31"},"modified":"2018-09-10T06:56:00","modified_gmt":"2018-09-10T04:56:00","slug":"accueil","status":"publish","type":"page","link":"https:\/\/joellehofmans.com\/","title":{"rendered":"Accueil"},"content":{"rendered":"<p>&nbsp;<\/p>\n<p><img decoding=\"async\" loading=\"lazy\" class=\"alignnone wp-image-642 size-large\" src=\"http:\/\/joellehofmans.com\/wp-content\/uploads\/2016\/07\/newpic2-1024x576.jpg\" alt=\"\" width=\"1024\" height=\"576\" srcset=\"https:\/\/joellehofmans.com\/wp-content\/uploads\/2016\/07\/newpic2-1024x576.jpg 1024w, https:\/\/joellehofmans.com\/wp-content\/uploads\/2016\/07\/newpic2-300x169.jpg 300w, https:\/\/joellehofmans.com\/wp-content\/uploads\/2016\/07\/newpic2-768x432.jpg 768w\" sizes=\"(max-width: 1024px) 100vw, 1024px\" \/><\/p>\n<p>Bonjour \u00e0 tous et toutes,<\/p>\n<p>Apr\u00e8s six ann\u00e9es de cursus universitaire, je deviens v\u00e9t\u00e9rinaire en 1992. D\u00e8s 2001, un&nbsp;dipl\u00f4me universitaire de 3 ans suppl\u00e9mentaire (France), me donne le dipl\u00f4me de&nbsp;\u00ab&nbsp;v\u00e9t\u00e9rinaire comportementaliste denvf&nbsp;\u00bb. Je pratique exclusivement la m\u00e9decine&nbsp;comportementale depuis 2007.&nbsp;Etre v\u00e9t\u00e9rinaire veut dire que je soigne tous les organes des animaux, y compris leur&nbsp;cerveau. Avant de soigner et pour soigner efficacement, le mandat du v\u00e9t\u00e9rinaire est de&nbsp;poser <strong>un diagnostic<\/strong> (de maladie ou d\u2019\u00e9tat normal) qui sera la base du travail de soin.<\/p>\n<p>Etre v\u00e9t\u00e9rinaire comportementaliste veut dire que je soigne les comportements animaux.&nbsp;Ces comportements animaux peuvent \u00eatre normaux mais incompris ou ind\u00e9sirables par les&nbsp;humains. Ils peuvent \u00eatre pathologiques, li\u00e9s \u00e0 une maladie comportementale ou bien \u00e0 une&nbsp;maladie corporelle. Du fait de sa connaissance globale de l\u2019animal, le v\u00e9t\u00e9rinaire&nbsp;comportementaliste est <strong>le seul \u00e0 pouvoir mettre en lien les troubles du comportement et&nbsp;les dysfonctionnements du corps<\/strong>. Nous sommes donc bien en face d\u2019<strong>une discipline&nbsp;m\u00e9dicale v\u00e9t\u00e9rinaire, comparable \u00e0 celle de la psychiatrie humaine<\/strong>. Le proc\u00e9d\u00e9 pour&nbsp;soigner est le m\u00eame&nbsp;: d\u2019abord \u00e9tablir un diagnostic (associ\u00e9 \u00e0 un pronostic), puis d\u00e9finir un&nbsp;traitement.<img decoding=\"async\" loading=\"lazy\" class=\"alignright wp-image-643 size-medium\" src=\"http:\/\/joellehofmans.com\/wp-content\/uploads\/2016\/07\/newpic1-300x300.jpg\" alt=\"\" width=\"300\" height=\"300\" srcset=\"https:\/\/joellehofmans.com\/wp-content\/uploads\/2016\/07\/newpic1-300x300.jpg 300w, https:\/\/joellehofmans.com\/wp-content\/uploads\/2016\/07\/newpic1-150x150.jpg 150w, https:\/\/joellehofmans.com\/wp-content\/uploads\/2016\/07\/newpic1-768x768.jpg 768w, https:\/\/joellehofmans.com\/wp-content\/uploads\/2016\/07\/newpic1-1024x1024.jpg 1024w, https:\/\/joellehofmans.com\/wp-content\/uploads\/2016\/07\/newpic1-100x100.jpg 100w, https:\/\/joellehofmans.com\/wp-content\/uploads\/2016\/07\/newpic1.jpg 2048w\" sizes=\"(max-width: 300px) 100vw, 300px\" \/><\/p>\n<p>L\u2019utilisation d\u2019une d\u00e9marche m\u00e9dicale dans l\u2019identification et le traitement des troubles du&nbsp;comportement animal a permis une progression remarquable dans le d\u00e9pistage, la&nbsp;pr\u00e9vention et la th\u00e9rapeutique des maladies comportementales animales. C\u2019est efficace&nbsp;!&nbsp;<\/p>\n<p>Ces d\u00e9marches ne peuvent \u00eatre r\u00e9alis\u00e9es que par un v\u00e9t\u00e9rinaire (loi sur l&#8217;exercice de la&nbsp;m\u00e9decine v\u00e9t\u00e9rinaire). Par ailleurs, les v\u00e9t\u00e9rinaires sont <strong>les seuls habilit\u00e9s<\/strong> \u00e0 pouvoir utiliser&nbsp;les m\u00e9dicaments ad\u00e9quats, parfois n\u00e9cessaires \u00e0 une gu\u00e9rison compl\u00e8te&#8230; Ils ont bien s\u00fbr le&nbsp;choix de les utiliser ou non. Ce choix se fait principalement en fonction de l\u2019\u00e9tat \u00e9motionnel&nbsp;des animaux qu\u2019ils re\u00e7oivent et du souhait des propri\u00e9taires. Une th\u00e9rapie se construit&nbsp;ensemble\u2026<\/p>\n<p>A bient\u00f4t, Dr Hofmans<\/p>\n<h2>&nbsp;<\/h2>\n","protected":false},"excerpt":{"rendered":"<p>&nbsp; Bonjour \u00e0 tous et toutes, Apr\u00e8s six ann\u00e9es de cursus universitaire, je deviens v\u00e9t\u00e9rinaire en 1992. D\u00e8s 2001, un&nbsp;dipl\u00f4me universitaire de 3 ans suppl\u00e9mentaire (France), me donne le dipl\u00f4me de&nbsp;\u00ab&nbsp;v\u00e9t\u00e9rinaire comportementaliste denvf&nbsp;\u00bb. Je pratique exclusivement la m\u00e9decine&nbsp;comportementale depuis 2007.&nbsp;Etre v\u00e9t\u00e9rinaire veut dire que je soigne tous les organes des animaux, y compris leur&nbsp;cerveau. Avant [&hellip;]<\/p>\n","protected":false},"author":2,"featured_media":67,"parent":0,"menu_order":0,"comment_status":"closed","ping_status":"closed","template":"","meta":{"ngg_post_thumbnail":0},"_links":{"self":[{"href":"https:\/\/joellehofmans.com\/index.php\/wp-json\/wp\/v2\/pages\/31"}],"collection":[{"href":"https:\/\/joellehofmans.com\/index.php\/wp-json\/wp\/v2\/pages"}],"about":[{"href":"https:\/\/joellehofmans.com\/index.php\/wp-json\/wp\/v2\/types\/page"}],"author":[{"embeddable":true,"href":"https:\/\/joellehofmans.com\/index.php\/wp-json\/wp\/v2\/users\/2"}],"replies":[{"embeddable":true,"href":"https:\/\/joellehofmans.com\/index.php\/wp-json\/wp\/v2\/comments?post=31"}],"version-history":[{"count":3,"href":"https:\/\/joellehofmans.com\/index.php\/wp-json\/wp\/v2\/pages\/31\/revisions"}],"predecessor-version":[{"id":644,"href":"https:\/\/joellehofmans.com\/index.php\/wp-json\/wp\/v2\/pages\/31\/revisions\/644"}],"wp:featuredmedia":[{"embeddable":true,"href":"https:\/\/joellehofmans.com\/index.php\/wp-json\/wp\/v2\/media\/67"}],"wp:attachment":[{"href":"https:\/\/joellehofmans.com\/index.php\/wp-json\/wp\/v2\/media?parent=31"}],"curies":[{"name":"wp","href":"https:\/\/api.w.org\/{rel}","templated":true}]}}